n 639 is divided by 130?
119
What is the remainder when 9985 is divided by 22?
19
Calculate the remainder when 51478 is divided by 28.
14
What is the remainder when 5450 is divided by 1361?
6
What is the remainder when 4903614 is divided by 5?
4
What is the remainder when 10925 is divided by 683?
680
What is the remainder when 14303 is divided by 457?
136
Calculate the remainder when 9216 is divided by 229.
56
Calculate the remainder when 46638 is divided by 464.
238
What is the remainder when 365010 is divided by 26?
22
Calculate the remainder when 2460 is divided by 112.
108
What is the remainder when 1806 is divided by 94?
20
What is the remainder when 4541 is divided by 243?
167
Calculate the remainder when 63440 is divided by 311.
307
What is the remainder when 3263 is divided by 1552?
159
What is the remainder when 1691 is divided by 452?
335
Calculate the remainder when 155987 is divided by 124.
119
What is the remainder when 2370 is divided by 396?
390
Calculate the remainder when 382736 is divided by 342.
38
What is the remainder when 180541 is divided by 118?
1
Calculate the remainder when 13897 is divided by 31.
9
What is the remainder when 29062 is divided by 1932?
82
What is the remainder when 3164427 is divided by 30?
27
What is the remainder when 574558 is divided by 72?
70
What is the remainder when 16263 is divided by 152?
151
What is the remainder when 4795 is divided by 1271?
982
What is the remainder when 58547 is divided by 29268?
11
What is the remainder when 44460 is divided by 160?
140
What is the remainder when 286851 is divided by 806?
721
Calculate the remainder when 1761118 is divided by 480.
478
What is the remainder when 49842 is divided by 364?
338
What is the remainder when 14149 is divided by 2?
1
Calculate the remainder when 4951 is divided by 18.
1
Calculate the remainder when 8788 is divided by 1461.
22
What is the remainder when 7942 is divided by 1985?
2
Calculate the remainder when 91292 is divided by 2467.
13
What is the remainder when 62110 is divided by 92?
10
Calculate the remainder when 330 is divided by 196.
134
Calculate the remainder when 72815 is divided by 103.
97
What is the remainder when 35838 is divided by 320?
318
What is the remainder when 11648 is divided by 24?
8
What is the remainder when 8114 is divided by 145?
139
Calculate the remainder when 27972 is divided by 16.
4
Calculate the remainder when 19409 is divided by 36.
5
What is the remainder when 134720 is divided by 286?
14
Calculate the remainder when 3085 is divided by 80.
45
What is the remainder when 3081821 is divided by 1544?
1541
Calculate the remainder when 11056 is divided by 552.
16
Calculate the remainder when 4201 is divided by 608.
553
Calculate the remainder when 56582 is divided by 2175.
32
What is the remainder when 15692 is divided by 413?
411
What is the remainder when 40656 is divided by 726?
0
What is the remainder when 41325 is divided by 83?
74
Calculate the remainder when 1922 is divided by 498.
428
What is the remainder when 842720 is divided by 331?
325
Calculate the remainder when 88261 is divided by 323.
82
Calculate the remainder when 61386 is divided by 100.
86
Calculate the remainder when 1316 is divided by 58.
40
What is the remainder when 1397 is divided by 605?
187
Calculate the remainder when 4980 is divided by 568.
436
What is the remainder when 3237 is divided by 141?
135
Calculate the remainder when 2015915 is divided by 84.
83
Calculate the remainder when 1102 is divided by 14.
10
Calculate the remainder when 3169 is divided by 7.
5
Calculate the remainder when 6822 is divided by 54.
18
What is the remainder when 5107 is divided by 718?
81
Calculate the remainder when 802143 is divided by 112.
111
Calculate the remainder when 1346 is divided by 381.
203
Calculate the remainder when 237 is divided by 75.
12
What is the remainder when 3066 is divided by 74?
32
Calculate the remainder when 1323 is divided by 320.
43
Calculate the remainder when 156537 is divided by 128.
121
Calculate the remainder when 2209666 is divided by 11.
8
What is the remainder when 156398 is divided by 23?
21
What is the remainder when 81390 is divided by 684?
678
Calculate the remainder when 75465 is divided by 546.
117
What is the remainder when 687 is divided by 611?
76
Calculate the remainder when 1139 is divided by 185.
29
Calculate the remainder when 126 is divided by 56.
14
What is the remainder when 209370 is divided by 80?
10
Calculate the remainder when 1472 is divided by 29.
22
What is the remainder when 2797 is divided by 2569?
228
Calculate the remainder when 510942 is divided by 170313.
3
Calculate the remainder when 960398 is divided by 140.
138
What is the remainder when 950 is divided by 360?
230
Calculate the remainder when 74534 is divided by 847.
845
What is the remainder when 31170 is divided by 1184?
386
Calculate the remainder when 34227 is divided by 203.
123
Calculate the remainder when 201687 is divided by 201685.
2
What is the remainder when 140 is divided by 63?
14
What is the remainder when 17618 is divided by 3519?
23
What is the remainder when 341486 is divided by 136?
126
Calculate the remainder when 42171 is divided by 16.
11
What is the remainder when 202971 is divided by 488?
451
Calculate the remainder when 5702 is divided by 2828.
46
Calculate the remainder when 62619 is divided by 20.
19
What is the remainder when 17896 is divided by 267?
7
Calculate the remainder when 341 is divided by 86.
83
Calculate the remainder when 39499 is divided by 3290.
19
What is the remainder when 251682 is divided by 51?
48
Calculate the remainder when 30269 is divided by 356.
9
Calculate the remainder when 18491 is divided by 138.
137
What is the remainder when 13520 is divided by 160?
80
Calculate the remainder when 126055 is divided by 41953.
196
What is the remainder when 124564 is divided by 8?
4
Calculate the remainder when 319589 is divided by 149.
133
What is the remainder when 28972 is divided by 2414?
4
Calculate the remainder when 49193 is divided by 455.
53
What is the remainder when 16769 is divided by 185?
119
Calculate the remainder when 1557 is divided by 723.
111
Calculate the remainder when 24680 is divided by 68.
64
What is the remainder when 20221 is divided by 9?
7
What is the remainder when 29299 is divided by 127?
89
What is the remainder when 35001 is divided by 25?
1
Calculate the remainder when 699 is divided by 569.
130
Calculate the remainder when 120778 is divided by 607.
592
What is the remainder when 76967 is divided by 38453?
61
What is the remainder when 2933 is divided by 1145?
643
Calculate the remainder when 139507 is divided by 6.
1
What is the remainder when 780 is divided by 30?
0
Calculate the remainder when 4347 is divided by 1607.
1133
What is the remainder when 171265 is divided by 33?
28
What is the remainder when 9756 is divided by 202?
60
Calculate the remainder when 1053 is divided by 441.
171
Calculate the remainder when 875742 is divided by 39.
36
Calculate the remainder when 1395 is divided by 656.
83
Calculate the remainder when 268584 is divided by 72.
24
What is the remainder when 21948 is divided by 257?
103
Calculate the remainder when 115721 is divided by 99.
89
What is the remainder when 98736 is divided by 218?
200
What is the remainder when 5969 is divided by 1858?
395
Calculate the remainder when 161248 is divided by 231.
10
What is the remainder when 160868 is divided by 195?
188
Calculate the remainder when 4190 is divided by 801.
185
Calculate the remainder when 2043 is divided by 676.
15
What is the remainder when 126767 is divided by 14?
11
What is the remainder when 2423 is divided by 35?
8
What is the remainder when 37071 is divided by 1692?
1539
Calculate the remainder when 9394 is divided by 209.
198
What is the remainder when 2226 is divided by 511?
182
What is the remainder when 88161 is divided by 36?
33
Calculate the remainder when 4289 is divided by 27.
23
Calculate the remainder when 10167 is divided by 106.
97
What is the remainder when 1982084 is divided by 487?
481
Calculate the remainder when 1521 is divided by 451.
168
Calculate the remainder when 87130 is divided by 38.
34
Calculate the remainder when 8721 is divided by 